1 + (55 + -7 - 66)?
-69
Calculate 0 + 0 + -38 - (11 - (34 - (23 - -7))).
-45
What is the value of 18 + (33 - 87) + 24 + (-25 - 0) + -5?
-42
-1 + -6 - (-19 - (-51 + 1))
-38
32 + (-93 + 51 - -44)
34
Calculate (-2504 - -2436) + 18 + (-1 - -1).
-50
Evaluate -57 + 0 - 2 - (2145 - 2158).
-46
What is the value of 24 + (-32 - (30 - 45)) - (-3 + -21)?
31
Evaluate 28 + 0 - (1130 + -1095) - 3.
-10
What is (113 - -125) + -233 - (-1 + 1 - (49 - 0))?
54
(-12 - 26 - -49) + -8 + -2 - (80 + -37)
-42
What is the value of 0 - 19 - (-23 - (7 - 10))?
1
Evaluate (-20 - (-52 + 8)) + -1 + -47.
-24
Calculate -31 + 20 + -15 + 28 + 17.
19
What is -8 - 4 - (-45 + 13)?
20
-47 - -1 - (-19 - (-13 + 4))
-36
Evaluate 1 - 0 - 8 - (-53 - ((-21 - 15) + 30)).
40
Evaluate 0 + -14 - ((14 - 9) + -10).
-9
What is the value of -4 - -16 - (45 + (-49 - -24))?
-8
15 + -63 + 37 + 8
-3
What is 0 - (-2 - (33 + 13))?
48
96 + (-1 + 1 + 2 - (65 + -98 - -39))
92
What is -33 - (29 + -16 - 32) - (3 + -10)?
-7
Evaluate 5 + -1 + (-49 - 23 - -5) + (67 - 56).
-52
What is the value of -122 - (44 - (39 - 19) - 32)?
-114
-11 + (62 - (126 + -18))
-57
-13 + (-12 + 45 - -14) + -3 + -7
24
Evaluate 19 + -62 - -102 - (-17 - (-1 + -1)).
74
Calculate -8 + -1 + 42 + -31 + (-9 - 4).
-11
What is the value of (-9 - 9) + 37 + 27 + -26?
20
What is the value of 16 + (53 - 63) + -51?
-45
-6 + 13 + 72 + -11 + 12 + -16
64
Evaluate 29 - (-45 + 54) - 84.
-64
What is -121 + 109 - (-27 + 5)?
10
What is -89 + (-24 + 27 - (-3 + 9 - 22))?
-70
Evaluate -68 + (9 + -22 - -32) + -41.
-90
Calculate -44 + 69 + -78 + (6 - -4).
-43
-5 - 17 - -1 - 19
-40
Evaluate -81 - ((-77 - -113) + -32).
-85
-19 + 29 - (3 - -1) - (-5 + -8)
19
(16 - -6) + -9 + -13 - (1 - -9)
-10
What is (-203 - -192) + (11 - 40)?
-40
Calculate -20 - (-6 + (-30 + 16 - (30 - -5))).
35
What is 5 + -2 + -3 - 49 - (53 + -67)?
-35
What is the value of -6 + 111 + (33 - 82) + 31?
87
Calculate (-10 - -88) + -94 - -20.
4
What is the value of -2 + -1 - (37 + 79 + -129)?
10
What is 5 + -5 + -21 + 9 - -67?
55
Evaluate -4 - (-11 + 27 + -11 + -2) - -1.
-6
Calculate (20 - 13) + (-4 - (24 + -15)) + (-49 - -1).
-54
What is the value of 74 - 10 - (-548 - -681)?
-69
(4 + -24 - -37) + (3 - 5 - 53)
-38
What is -18 - -10 - ((3 - -1) + -28 + 4 + 26)?
-14
What is (4 - (7 - -18)) + (-16 - -23) + 6?
-8
What is 231 - 246 - (1 + 0) - (-8 + 24)?
-32
What is (7 - 24) + 6 + 18 + -45?
-38
-11 - 9 - (-38 + 28 + -9)
-1
Evaluate -126 - 0 - (-3611 - -3539).
-54
Evaluate 13 + -55 + (12 - -23).
-7
-331 + 338 + (-3 - 2) + 2 + -12
-8
What is the value of 5 + 65 - (-55 + 35 + 51)?
39
What is the value of -45 + -1 + 46 - (-4 - -6)?
-2
Calculate 33 + -15 + 13 + -11 + -1.
19
What is 2 + -64 - (-552 + 563)?
-73
Calculate (20 - 3) + (-97 - -82) + (-2 - -28).
28
What is the value of 2 - 2 - -91 - (77 - 63)?
77
What is 3 - (-5 + (-73 - -176))?
-95
Evaluate 75 - 30 - 5 - 52 - 63.
-75
What is 21 + (17 - 11) + 11 + 1 + 11?
50
Evaluate (1 - (0 - 54) - (6897 + -6886)) + -18.
26
What is 0 + -12 + (-4570 - -4615)?
33
What is 4 + -30 - -41 - 73?
-58
What is 64 + (74 - 59) - 16?
63
What is the value of 189 + -222 - (2 - -6)?
-41
What is the value of (-109 - 67) + 98 - -57?
-21
Evaluate (-143 - (-22 - 11)) + 56.
-54
-39 - ((-16 - -3) + (3 - -24) - (11 - 1))
-43
What is the value of (-36 - (60 + -44)) + 133?
81
What is the value of 0 + 18 + 13 + -35?
-4
Calculate -31 - (-3 + -6 + 14 + -9) - 13.
-40
(15 - -9) + -23 - (1 - 0) - -10 - 26
-16
What is -573 + 615 - (-17 + 1 + 0)?
58
-9 - (87 + -139 - -71)
-28
Calculate 22 + (-69 - -20) + 64 + -24.
13
6 + (33 - 43) - (-16 - -8 - (7 + 117))
128
What is (-3 - (-12 + 2)) + -25 + -24?
-42
What is the value of 92 - (-99 - -134) - 170?
-113
What is -3 - (-118 + 3) - (-14 + 13 - (9 - 13))?
109
What is -16 + -19 + -23 + 72 + 15?
29
What is -29 - (-48 - -49 - (6 - 9))?
-33
Evaluate (64 + -51 - (10 - -12)) + 69 + -2 + 3.
61
Evaluate 16 - (12 - 17) - (-9 - -9) - -3.
24
Calculate (-10 - (-7 + -6) - 9 - 4) + 66.
56
Evaluate -4 + -62 + (-1 + -4 - -1) + (451 - 456).
-75
What is -3 + (-16 - (0 + -10)) + -4 + 78?
65
What is -11 - (3 + 1 + (-12 - 21))?
18
(-38 + -4 - -61) + 1 + -99 + -5
-84
-76 + 183 - (30 + 30)
47
Calculate 47 - 44 - (2 - (0 - -8 - 119)).
-110
Calculate (-1090 - -989) + (-4 - -27).
-78
Calculate 97 + (7 - (12 - 27 - -42)).
77
Evaluate -260 + 246 - (-1 - -44) - (-5 - (3 - -3)).
-46
-59 - (-35 + 22) - (1 - -1)
-48
What is the value of (-2 - (-11 + 17 + 14 - 11)) + 8?
-3
Calculate 2 + (59 - 93) + 23.
-9
Evaluate -80 + (22 - (41 + -19) - 2) - -5.
-77
What is -50 + 1627 + -1613 + (0 + 2 - 6)?
-40
Calculate -166 - -236 - (227 - 51).
-106
40 + -4 + (-301 - -253)
-12
(15 - (-133 + 118)) + -2 + -24
4
Calculate 1 + (-18 + 13 - -8) - (6 - 20).
18
What is -104 + 139 - (-52 - -13)?
74
What is (-1000 - -950) + -2 + 1?
-51
(-31 - 4 - 4) + (-1 - -3) + (122 - 118)
-33
Calculate -15 + (-14 + 20 + 9 - -1) - -39.
40
What is (11 - 13 - (9 + -2)) + (47 - 24) + 69?
83
Evaluate -17 - 128 - -246 - 127.
-26
What is -63 - 27 - (-4 - (1 + -3 + -16))?
-104
Calculate -2 + 1 + 0 - 30 - (5705 - 5707).
-29
Calculate (83 - 3) + -22 + -20 + 10.
48
What is -1 + 0 + 130 - (31 + (35 - (50 - -19)))?
132
What is the value of 7 - (27 + 6 + -36 + -19)?
29
What is the value of 18 + -64 + 59 + -67?
-54
Calculate -6 - (-11 + (11 - (10 + -21))).
-17
What is -2 + -1 - ((-3 - -145) + -94)?
-51
What is (-6 + 3 - -2) + -15?
-16
Evaluate -51 + 23 + (24 - 11).
-15
Calculate -2 + 6 + 6 + 2 + -10 + 6 + -33.
-25
What is -21 - (17 - 20 - 14) - -26?
22
Evaluate 91 + 7 - (9 + (7 - -13)).
69
(30 - (-1 - -8)) + -24 + 10 + -111
-102
Evaluate 140 + -109 + (-12 - 2) + -39 + 43.
21
Calculate 0 - ((6 + -1 - (-17 - -30)) + 390 + -374).
-8
What is -31 + -32 + 9 + 23?
-31
What is the value of 32 + (-51 - -49) - 49?
-19
What is the value of (-17 - ((20 - 103) + 24)) + -93?
-51
What is 0 + (40 - 7) + -62?
-29
What is the value of 102 - (-38 - (84 + -168))?
56
What is the value of (25 - 43 - -31 - 30) + 84?
67
Calculate (-4 - (79 + 17)) + 58.
-42
What is the value of (-1 - -16) + (1312 - 1334)?
-7
(255 - 201) + -65 + 7
-4
Evaluate (-342 - -297 - (-3 - 29)) + (56 - 2).
41
Calculate 32 + (-71 - -60 - 20).
1
Calculate -13 - (24 - -1 - (26 + 10 + -16)).
-18
What is the value of -89 + (-1 + 3 - (4 - (-20 - (-29 + 1))))?
-83
What is -34 + (-38 - (-52 + -40))?
20
Evaluate -56 + (26 - 22) + 31.
-21
What is -3 + -5 - (-214 - -214) - -43?
35
Evaluate (61 - 18 - 30) + -5 + 1.
9
What is the value of (-23 + 39 - 35) + (2 - -60)?
43
Evaluate -20 + 48 + -9 + 7 - 13.
13
What is the value of -45 - (-6 - (-6 + 0 + 0 + (14 - 20)))?
-51
-101 - (-48 + 63 - 91)
-25
Evaluate -19 + 30 + -26 + 27 + 31.
43
What is the value of -26 + (9 - -11 - (5 - (6 - 15)))?
-20
Calculate (344 - 337 - (2 + 15)) + 4 + 63.
57
0 + 18 + 45 + -35 - (0 - -2)
26
Evaluate 23 - (19 + -11 - -4 - (13 - 0)).
24
What is the value of -47 - -122 - (-92 - -162)?
5
Calculate -94 - -87 - (-48 + -9 + -1).
51
What is -34 + (-3 - (0 + 8 - -8))?
-53
Evaluate (-12 - (10 - 9)) + 109 + -94.
2
What is 17 - 24 - 9 - -20 - (-17 - -4)?
17
Calculate (-6 - -2) + (-53 - (3 + 6 + -5)).
-61
-6 - -2 - -8 - 4 - (6 + (-53 - -14))
33
What is -1910 + 1932 - (4 - (3 - 28))?
-7
What is 71 - (11 + 13 - (19 + -18) - 15)?
63
What is the value of -34 + (-2 - -1) - 28?
-63
What is 16 - 13 - (-50 + 14 + -29 + 15)?
53
What is 23 - (13 - (-8 - -16)) - 8 - (26 + -2)?
-14
Evaluate -26 - (8 - (-21 + (-13 - -53))).
-15
What is the value of -5 + (-91 - 2 - (-11 + 2 + -3 - -20))?
-106
Calculate 28 + 17 + (-3 - (-3 + 0)).
45
Evaluate 8 + -23 - (-1 - ((-8 - 1) + 7)).
-16
Calculate 39 - ((7 - (4 + (9 - (4 - 0)))) + 1).
40
What is the value of -32 + -48 + 69 - (-169 - -6)?
152
Evaluate -7 + 15 + (-21 - (-4 - (8 - 7))) + 0.
-8
Calculate 211 + -222 + 17 + -2 + 3 - (1 - 27).
33
Calculate (5 + -4 - (-8 + 0)) + (12 - -4).
25
What is the value of -13 + (38 + 1 - (71 + -94))?
49
32 + -10 + 4 + (13 + -17 - -1)
23
Calculate 72 - (-22 + 13) - 60.
21
What is the value of (82 - 49 - 52) + 30?
11
12 + -1 - (-35 + 4 + (97 - 63))
8
23 - (8 - (12 - (9 + (-6 - -5))))
19
42 + -49 + -3 + 38
28
-3 - -26 - (-37 + -45 + 48)
57
What is -3 + -2 - (-77 + 86 + -52)?
38
What is 62 + 1 + 16 + (-22 - (-2 + (-14 - -9)))?
64
What is the value of -5 + (-36 - -30) + (-18 + (-5 -